?
2, 7, 23
Let p(b) = -b**3 - 17*b**2 - 18*b - 12. List the prime factors of p(-16).
2, 5
Let n(x) = 4*x**2 - 64*x + 288. List the prime factors of n(43).
2, 3, 137
Let v = -91 + 181. What are the prime factors of v/(-4)*(-1 + -1)?
3, 5
Suppose 2*b + 0 = 2. Suppose -2*m - b = -7. Suppose m*l - 41 = 82. List the prime factors of l.
41
Suppose 4*a - 29 = 103. Suppose a = 2*z + 5. Suppose -147 - z = -7*d. What are the prime factors of d?
23
Suppose -4*y - 12 = -4*w + 4, 5*y + 18 = 4*w. Suppose 0 = w*t + 10, 5*t + 406 = 5*k + 61. Suppose -5*p = -71 - k. List the prime factors of p.
3
Let f(t) = -15*t + 57. Let s = 41 + -48. What are the prime factors of f(s)?
2, 3
Suppose 2*g - 4 = -0*k + 5*k, -5*k + 2 = g. Suppose 5*x = -w + 4*w - 11, k = -2*x + 2*w - 2. Let z(n) = n**3 + 5*n**2 - 2*n + 2. List the prime factors of z(x).
2, 13
Let z = 3 + 5. Suppose -22 - z = 3*c. Let w(b) = -3*b - 2. What are the prime factors of w(c)?
2, 7
Let q = 3459 - 2458. What are the prime factors of q?
7, 11, 13
Let k be (3 + -2)/(3/147). Let o(v) = -5*v - 26. Let h be o(-11). Let j = k - h. List the prime factors of j.
2, 5
Let c = -1722 + 2724. What are the prime factors of c?
2, 3, 167
Let q(i) = i**2 - 6*i + 7. Suppose 8*k = 4*k + 52. Let d = -6 + k. List the prime factors of q(d).
2, 7
Let c(y) = 50*y**2 + 4*y + 188. What are the prime factors of c(10)?
2, 1307
Suppose -2*b + 1218 = 318. What are the prime factors of b?
2, 3, 5
Suppose -4*g = 3*y + 146, -5*g = -g - 16. Let r be 153/(-30) - ((-84)/40 + 2). Let l = r - y. List the prime factors of l.
7
Suppose -d - 8 = d. Let w be (2/2)/(d/100). What are the prime factors of (-6)/(-2*(-5)/w)?
3, 5
Let n be 8/(-10) + 32/40. Let q be (n - 2)*(-1 + 40). Let x = -36 - q. What are the prime factors of x?
2, 3, 7
Suppose -35*m + 28*m = -819. What are the prime factors of m?
3, 13
Suppose -2*u - t = -0*t + 1, -1 = t. Suppose -4*i - i + 230 = u. List the prime factors of i.
2, 23
List the prime factors of ((-454)/(-4) + -1)/((-43)/(-344)).
2, 3, 5
Let f be (-920)/(-50) - (-6)/10. Let o = -5 + f. Suppose -12*i = -o*i + 14. What are the prime factors of i?
7
Let p = -273 + 1603. List the prime factors of p.
2, 5, 7, 19
Let g(u) be the third derivative of 29*u**5/15 + u**4/24 - u**3/6 - 12*u**2. List the prime factors of g(-1).
2, 3, 19
Suppose -4*g + 3 = -3*g. Suppose -2*d + g = -4*o + 35, -4*d = -3*o + 24. List the prime factors of o.
2
Let u = 296 - 420. What are the prime factors of (-14601)/u + (0 - -1)/4?
2, 59
Let p(v) = -192*v + 665. List the prime factors of p(-10).
5, 11, 47
Let k be 3/(-6)*(2 - 10). Suppose -l + 122 = -3*w, -6*l = -2*l - k*w - 464. List the prime factors of l.
113
Let r(m) = -14*m - 14. List the prime factors of r(-10).
2, 3, 7
Let t = 488 - -739. What are the prime factors of t?
3, 409
Suppose 0 = 6*d - 3*d. Suppose 6*c - 2*c - 12 = d. Suppose -15 = -z - c. List the prime factors of z.
2, 3
Suppose -4*b + 9 + 3 = 0. What are the prime factors of (295/(-8 + b))/(-1)?
59
Let z be 7*3/6*(-37 + 1). Let u = z - -268. List the prime factors of u.
2, 71
Let y(b) = b**2 - 2*b - 9. Let j(w) = -2*w**2 + w + 8. Let n(d) = 2*j(d) + 3*y(d). Let l be n(-5). Let q(k) = -3*k + 14. What are the prime factors of q(l)?
2, 31
Suppose 11*m = 1390 + 1283. List the prime factors of m.
3
Let p be 4/(-18) - (-41404)/99. Suppose 3*i - p - 86 = 0. What are the prime factors of i?
2, 3, 7
Suppose 14*t - 9*t = 21730. List the prime factors of t.
2, 41, 53
Let m(g) = 4*g - 4. Let c(q) = -q. Let n(t) = -3*c(t) - m(t). Suppose -5*y = -4*r + 6*r + 82, 0 = 5*y + r + 86. List the prime factors of n(y).
2, 11
Suppose -14 = -5*b + 2*r, -3*b = -0*b - 4*r. Suppose b*h - 4*k = -8*k + 644, 2*h - 3*k = 322. What are the prime factors of h?
7, 23
Let u(v) be the third derivative of 7*v**4/12 - v**3/2 - 9*v**2. What are the prime factors of u(5)?
67
Let a be 3*10*3/18. Let n be (a/2)/(7/14). Suppose n = 2*z - 17. What are the prime factors of z?
11
Let p(o) = o**3 + 7*o**2 - 11*o - 20. Let c be p(-8). What are the prime factors of 938/9 - c/18?
2, 13
Let w(s) = -s. Let m be w(5). Let a(k) = 4*k - 11. Let u(v) = 2*v - 6. Let p(n) = m*u(n) + 2*a(n). List the prime factors of p(-8).
2, 3
Let f(i) = -i**3 + 12*i**2 + 15*i - 1. Let d(x) = -x**2 + 16*x + 7. Let l be d(13). Let t = l - 33. List the prime factors of f(t).
5
Suppose 5*v + 5*i - 2205 = 0, -4*v + 3*i = 6*i - 1759. List the prime factors of v.
2, 109
Let h = 35 - 34. List the prime factors of (1008/70)/(h/5).
2, 3
Let f(x) be the third derivative of x**4/24 - 11*x**3/6 + 10*x**2. Let b be f(12). Suppose 5*m - 16 = -t + 10, 0 = -m - b. What are the prime factors of t?
31
Let v(l) = l**3 - l**2 + l + 1. Let i(y) = -3*y**3 + 5*y**2 - 5*y - 8. Let u(c) = i(c) + 4*v(c). Let q be u(2). What are the prime factors of q*(-3 + 215/15)?
2, 17
Let r = 24 + 5. Suppose 31 = 2*q - 5*n - 30, q = 3*n + r. List the prime factors of q.
2, 19
Let p(s) = -132*s + 196. What are the prime factors of p(-23)?
2, 101
Suppose 193*b = 190*b + 4209. What are the prime factors of b?
23, 61
Suppose -3*z - 8795 = -5*b - 5*z, -5*z = -2*b + 3489. List the prime factors of b.
7, 251
Suppose 20*q - 398 = 18*q. What are the prime factors of q?
199
Suppose -7042 = -y - 1082. What are the prime factors of y?
2, 5, 149
Suppose 11064 = 4*z + 5*f, -2*z - 3*f + 8*f = -5532. What are the prime factors of z?
2, 3, 461
Suppose -13*r + 333 = -57. What are the prime factors of r?
2, 3, 5
Let h be (0 + 10)*(-68)/(-8). Let a = 120 - h. List the prime factors of a.
5, 7
Let q(n) = -2*n + 14. Let b be q(9). Let g = 87 + b. List the prime factors of g.
83
Let p(f) = 2*f**3 - 9*f**2 - 12*f + 1. Let h be p(9). Suppose -2*x - 107 = -w + 47, 2*x + h = 4*w. Suppose -b + 5*b - w = 0. What are the prime factors of b?
3, 13
Suppose -8*k + 88 = 4*q - 3*k, 5*q = -k + 89. Let d = q + -6. What are the prime factors of d?
11
Let y(i) = 368*i**2 - 3. List the prime factors of y(2).
13, 113
Let t be 9/(238/(-520) + 2/5). List the prime factors of (24/(-18))/(-1 + (-154)/t).
2, 13
Suppose -3*w = -8*w + 20. Suppose 3*v - 469 = -4*y, v - 5*v - 448 = -w*y. What are the prime factors of y?
5, 23
Let l be (-1 - -1)*(-3)/9. Suppose l = -c - 10 - 17. Let d = c + 29. What are the prime factors of d?
2
Suppose -16884 = -1859*r + 1847*r. What are the prime factors of r?
3, 7, 67
Let s(c) = 6*c**3 + 3*c**2 - 2*c + 10. List the prime factors of s(4).
2, 7, 31
Let j = 14 - 14. Suppose 0 = v - j*v. Suppose v*y + 3*y = 72. List the prime factors of y.
2, 3
Let l be 3/(-4) + 287/(-28). Let r = 7 - l. Let v = r - 8. What are the prime factors of v?
2, 5
Let g(s) = 5*s**2 + 9*s + 3. Let d be g(-8). Let v = d - 141. List the prime factors of v.
2, 5, 11
Let z(g) be the first derivative of -g**4/12 - 11*g**3/6 - 11*g**2/2 - 5*g - 1. Let m(o) be the first derivative of z(o). List the prime factors of m(-8).
13
Suppose 0 = -4*a + 3*s - 105, 0*a - 3*a - 2*s = 100. Suppose m + 3*f + 7 = 0, 55 = -8*m + 4*m - 3*f. What are the prime factors of (4 + m/3)*a?
2, 5
Let q(w) = w**2 + 3*w - 5. Let z be q(-4). Let b be 1 + 24/(-2)*z. What are the prime factors of -4 + 4 + (b - -2)?
3, 5
What are the prime factors of (4 + 15)/(2/44)?
2, 11, 19
Let a(x) = x**2 + 8*x - 32. Let f be a(-13). Let i = f - 21. List the prime factors of i.
2, 3
Let t = 28 - 27. Let v(w) = 3*w**2 - 3*w + 2. Let r be v(t). List the prime factors of (2 + -21)/(-3 + r).
19
List the prime factors of (367 - 3) + (-16)/(-8).
2, 3, 61
Let o(w) = w**3 - w**2 - 3*w - 4. Let d be o(3). Suppose -240 = -5*m - d*y, 2*y + 0*y + 124 = 3*m. What are the prime factors of m?
2, 11
Let l(u) = -7*u**3 - 6*u**2 - 5*u - 3. List the prime factors of l(-2).
3, 13
Let r(g) = -g**3 + 15*g**2 - 4*g - 25. What are the prime factors of r(10)?
3, 5, 29
Let m be 60/((-4 - -1) + 2). Let x = 97 + m. What are the prime factors of x?
37
Suppose -2*y = 3*y + 20. Let c = 7 + y. Suppose c*w = 29 - 8. What are the prime factors of w?
7
Let u(c) = 2*c**3 + 8*c**2 + 26*c - 5. What are the prime factors of u(5)?
5, 23
Let w(r) = 60*r**3 - r**2 + 1. Let d be w(1). Suppose 0 = -5*x + 20, 4*v + x = -v + 29. Suppose 10*z - v*z = d. What are the prime factors of z?
2, 3
Suppose 2*k = -5*c + 4, 0 = 4*k - 2*c - 2*c - 36. Let n = k + 1. List the prime factors